14327. Is w a multiple of 17?
False
Suppose 2*c = -2*k + 3674, 3*k - 6026 + 521 = -c. Does 134 divide k?
False
Suppose -1794 = -3*s - 4*x + 5819, -3*x + 6 = 0. Is s a multiple of 65?
True
Let b = -7320 + 8301. Does 9 divide b?
True
Suppose 7*w + 4*w = 405 + 108858. Is w a multiple of 14?
False
Let n(d) = -4*d**2 - 4*d - 72. Let m(x) = 3*x**2 + 3*x + 47. Let k(u) = 7*m(u) + 5*n(u). Is k(26) a multiple of 24?
False
Suppose 803*z - 3076 = 802*z - 5*r, -35 = -5*r. Is 27 a factor of z?
False
Let a(q) = q**3 - 9*q**2 - 2*q - 13. Let x be a(9). Suppose -455 = -7*i - 70. Let y = x + i. Does 2 divide y?
True
Let h = -116 - -118. Suppose 0*a = -h*a - 4*t + 154, -2*t + 10 = 0. Is 30 a factor of a?
False
Let r(p) = p**2 + 34*p - 108. Let a be r(-37). Suppose -3*j - a*x + 321 = 0, 4*x = 8 - 4. Does 53 divide j?
True
Suppose 31*o - 66*o + 29835 = -38065. Is 19 a factor of o?
False
Let i = -14689 - -25233. Is i a multiple of 58?
False
Let y(z) = 14*z - 70. Suppose -240 = 13*v - 43*v. Is y(v) a multiple of 18?
False
Let s(w) = w**2 - 3. Let t be s(-3). Suppose -t*f = -13 + 1. Suppose 0 = -5*c - 0*c, -f*u = 4*c - 36. Is 3 a factor of u?
True
Let p(z) = 12*z**2 - 4*z**2 - 5*z**2 - 4*z**2 + 3 + z. Let g be p(2). Is 28 a factor of (8 - 4)*(25 + 1 + g)?
False
Let m(z) = z**3 + 6*z**2 + 6*z + 7. Let v be m(-4). Suppose 3*d - 2*d + 20 = 5*g, -v = 3*d. Suppose 56 + 22 = g*w. Is 8 a factor of w?
False
Does 102 divide (12 - -186)/11 - -18378?
False
Suppose 3 = 3*v, 2*h - 2*v - 66 = 76. Is (40/(-6))/((-8)/h) a multiple of 10?
True
Let n(j) = 1047*j - 2699. Is 5 a factor of n(7)?
True
Let i(u) = 2*u**2 + 15*u - 6. Let z be i(-8). Suppose -4*t + 44 = 3*d, d - 28 = -z*d + 4*t. Let c = d - -23. Is c a multiple of 7?
True
Suppose -28*j + 3*j - 11611 = -46236. Is 7 a factor of j?
False
Let z = -1672 - -3043. Is 46 a factor of z?
False
Suppose -w + 0*w + 3 = -2*y, 15 = 3*y. Suppose m = -4*a - 52, -5*a - m - 53 = w. Is 9 a factor of -1 - a - (-1 - 1)?
False
Suppose 5*s + 5179 = q, -4*q - 9*s = -15*s - 20730. Is q a multiple of 108?
True
Suppose -4*i = 4*o - 144248, 2*i + 145*o - 72130 = 146*o. Does 14 divide i?
True
Let r be (-6)/108*-4 - 58/18. Let s be r/(-9)*0 - -4. Suppose 3*c = u + 149, -90 = -2*c - 0*c - s*u. Is 7 a factor of c?
True
Does 13 divide (-13)/39*39 - -6441?
False
Suppose -2*o + 4*o = 20. Let n = -2290 - -2305. Let c = o + n. Is 5 a factor of c?
True
Let x(r) = -927*r + 6. Does 10 divide x(-3)?
False
Let v = -1981 - -5766. Suppose 2*c + 2*u - 1952 = -62, -v = -4*c - 3*u. Does 19 divide c?
True
Suppose 84 = 4*d + 2*d. Suppose d*v - 25*v + 4620 = 0. Is 23 a factor of v?
False
Suppose i - 5*w - 43234 = 0, -5*i - 39*w + 33*w = -216232. Does 10 divide i?
False
Let l(a) = -a**3 - a**2 + 3*a - 2. Let x be l(2). Let v be (14/(-4))/(x/16). Is 5 a factor of (4/(-10))/(v/(-350))?
True
Let v(c) = -c**2 + 9*c - 17. Let u be v(5). Suppose -y + 866 = 3*h, -2*h - 3*h - u*y = -1442. Suppose 8*m - h = 2175. Is m a multiple of 16?
False
Let l(b) be the first derivative of -13*b**2/2 + 6*b - 60. Let m be (6 + 4)/(1*-1). Is l(m) a multiple of 17?
True
Let o(c) = c**3 + 25*c**2 + 96*c - 6. Let f be o(-12). Let v = f + -298. Is 16 a factor of v?
True
Let x = 57328 + -33100. Is 9 a factor of x?
True
Suppose 14*t - 13*t = 3*i - 13827, -5*i = -3*t - 23049. Is i a multiple of 128?
True
Let l = 198 + -134. Let c = 639 - 635. Suppose c*z - 92 = l. Is z a multiple of 31?
False
Let x(m) = -9*m**2 + 30*m + 14. Let z be x(-7). Let u = -453 - z. Is 39 a factor of u?
False
Suppose -2*m + 131 = 2*q + 27, -4*q = 5*m - 264. Is (-357)/48*-10 + (-21)/m a multiple of 10?
False
Let u(p) be the second derivative of -p**5/20 + 7*p**4/6 - 5*p**3/3 - 24*p**2 + 40*p + 2. Is 6 a factor of u(12)?
True
Let z be (7 - 0) + (-3870)/(-45). Suppose -3*g - 9 = 0, w - 16*g = -13*g + z. Is 28 a factor of w?
True
Let h(s) = -287*s + 511. Is h(-28) a multiple of 21?
True
Suppose -24*q + 8696 = 584. Let i be (9/(-6))/(3/(-236)). Let o = q - i. Is 47 a factor of o?
False
Let u be 3/6*-134 - 3. Let o = u - -118. Suppose 2*z = a - 0*a + 40, 2*z - o = 3*a. Is z a multiple of 6?
True
Let o(c) = c**3. Let l(i) = -i**2 + 3*i + 500. Let j(b) = l(b) - o(b). Does 20 divide j(0)?
True
Suppose 11*k - 31*k = -8094 - 30126. Does 39 divide k?
True
Suppose -17*c + 19*c - 10 = 0. Suppose -1806 = -c*a + 24. Suppose -8*b + a + 242 = 0. Does 19 divide b?
True
Let x(v) be the first derivative of 31*v**4/4 - v**3 - v**2 - 3*v - 16. Let r be x(-2). Let j = r + 363. Is 13 a factor of j?
True
Let v = -37526 + 50978. Is 228 a factor of v?
True
Let q(h) = 157*h**2 + 38*h - 16. Is 21 a factor of q(7)?
False
Suppose 2152*g + 77564 = 2156*g + i, -2*i + 16 = 0. Is g a multiple of 9?
False
Suppose 0 = 7*k - 4047 - 916. Suppose 710*n - k*n - 150 = 0. Does 26 divide n?
False
Let r(l) = -l**2. Let a be r(0). Suppose 5*q + 3 - 13 = a. Suppose -o + q*o - 32 = 0. Does 16 divide o?
True
Let v = -70 - -70. Suppose 15*b - 9*b - 2958 = v. Is b a multiple of 17?
True
Let d be ((-3)/2)/((-30)/860). Let z(g) = -g**3 - 12*g**2 + 18*g + 30. Let t be z(-13). Let l = d - t. Is l a multiple of 13?
True
Suppose -4*v - 20 = 0, -5*v - 38 = -2*i - 3. Suppose 12*w - 16*w + 1196 = 5*f, -i*w = 5. Let s = -82 + f. Is s a multiple of 13?
False
Suppose 0 = -a - 3*m + 4677, -87*m + 84*m = -a + 4719. Is a a multiple of 6?
True
Let y be (-6)/27 + 2043/81. Suppose -2*x + y = -5*g - 21, 3*g - 111 = -3*x. Is x a multiple of 19?
False
Let q be (7 - -2)/(6/8). Let f(h) = -6 + 9 - 16*h - q. Is f(-4) a multiple of 11?
True
Let b(r) = -341*r + 13. Let n(l) = 1024*l - 39. Let u(a) = 7*b(a) + 2*n(a). Is u(-1) a multiple of 18?
False
Suppose -39*m + 37*m + 48468 = t, -4*m = t - 96932. Does 30 divide m?
False
Suppose 0 = 4*h + d - 13, 2*h + 3*h - 12 = 3*d. Let t(z) = -z**h + 26 - 6*z**3 - 6*z**2 + 5*z**3 - 8 + 6*z. Is 18 a factor of t(-6)?
True
Suppose -5*g - 2 = -2*r, 4*g + 4 = 2*r + 2. Is 24 a factor of (-1 - g/(-1))/(27/(-10368))?
True
Let l(t) = -344*t + 730. Let c be l(2). Let m be (30/8)/((-2)/(-24)). Suppose c*v = m*v - 42. Does 14 divide v?
True
Suppose -56*u + 460 = -61*u. Let z = u + 95. Suppose z*t + 2*n = -3*n + 103, -5*n - 5 = 0. Is t a multiple of 12?
True
Let k = 850 + -850. Suppose 0 = -i + 5*m + 1270, k = 5*i - 6*i + m + 1258. Does 36 divide i?
False
Let h = -87 - -287. Let o = -86 - -186. Let q = h + o. Is q a multiple of 15?
True
Suppose 2*j + 4*a = 16948, -22*j + 18*j + 33890 = 5*a. Does 77 divide j?
True
Suppose -80 = -6*n - 14*n. Suppose -7 = n*o + 4*f - 3, -4*o - 3*f = 0. Suppose o*d + 40 = g + 720, d = 4*g + 212. Does 38 divide d?
True
Let h(v) be the third derivative of -v**4/8 - 4*v**3/3 + 5*v**2. Let y be h(-5). Is (-20)/(-70) + 1132/y a multiple of 28?
False
Suppose -4*h = -w + 5*w - 384, 290 = 3*w + 4*h. Let u(i) = i**3 + 9*i**2 + 2*i + 7. Let a be u(2). Let b = w - a. Is 25 a factor of b?
False
Suppose -3155 + 9895 = 10*g. Does 10 divide g*3/6 + (-7 - -3)?
False
Let a(o) = o**3 + 59*o**2 + 76*o - 380. Does 7 divide a(-53)?
True
Suppose -23*c - 100 = -27*c. Suppose 2*t + 5*n - 28 = 0, -4*n - c - 3 = -4*t. Is 15 a factor of 16/10*(64 - t)?
False
Suppose 2*p - 30 = -26. Let a(v) = v**2 - 2*v - 2. Let n be a(p). Does 14 divide (163 - 1/n*-6) + 0?
False
Let b = 4662 + -4657. Suppose -5*p + 9 = 5*t - 11, 0 = 3*t - 3*p - 6. Suppose -3*k + j + t*j + 384 = 0, -b*j + 357 = 3*k. Is k a multiple of 31?
True
Let b(y) = 3*y + 12. Let s be b(17). Let f be 644/s - 6/27. Is 5 a factor of (-4)/f*1040/(-16)?
False
Does 13 divide (-4)/64*8 + (-7569)/(-6)?
True
Let u(j) = -70 + 7*j - j**3 + 73 + j - 2*j**2. Let d be u(-5). Suppose -10*v + d + 242 = 0. Is 7 a factor of v?
True
Let v(s) = -s**2 - 15*s + 2. Let c be v(-13). Let l be c/(-7) + -24 + 0. Let f = l + 72. Does 22 divide f?
True
Suppose 6919 = 2*l - 1739. Is 39 a factor of l?
True
Let a be 35/(-7) + 300 + 3 + 2. Is 14 a factor of 42260/a - (-8)/60?
False
Let h(p) = 4*p**2 + 24*p - 4. Let g be h(-18). Suppose 5*k = 3*o - g, 2*o + k + 1124 = 6*o. Does 40 divide o?
True
Let v = -71709 + 123723. Does 9 divide v?
False
Let f = -2365 + 9049. Is f a multiple of 9?
False
Suppose -10*d - 780 = -5*d. Let n = d + 366. Does 42 divide n?
True
Let u(t) = -t**3 + 2*t**2 + 6*t - 3. Let h be u(3). Let l be h/4 - (-1197)/(-18). Let d = 99 + 